{"id":44303,"date":"2023-11-08T16:11:06","date_gmt":"2023-11-08T16:11:06","guid":{"rendered":"https:\/\/www.quinta-do-rajo.pt\/?post_type=product&#038;p=44303"},"modified":"2026-03-23T17:12:40","modified_gmt":"2026-03-23T17:12:40","slug":"formacao-de-professores-de-kundalini-yoga-nivel-1","status":"publish","type":"product","link":"https:\/\/www.quinta-do-rajo.pt\/en\/produtos\/formacao-de-professores-de-kundalini-yoga-nivel-1\/","title":{"rendered":"Kundalini Yoga Teacher Training Level 1 \u2013 2026 \u2013 In-person"},"content":{"rendered":"<p>The main objectives of this training are:<\/p>\n<ul>\n<li>Realise the fundamental teachings and concepts of Kundalini Yoga;<\/li>\n<li>Have a transformative experience through the practice of these teachings;<\/li>\n<li>Develop the skills, confidence and awareness needed to teach Kundalini Yoga;<\/li>\n<li>Developing a conscious lifestyle;<\/li>\n<li>Develop a group spirit with the other course participants and experience 3HO's sense of community worldwide;<\/li>\n<li>Develop the connection to the \"Golden Chain\" through the teachings of the master Yogi Bhajan.<\/li>\n<\/ul>\n<p>&nbsp;<\/p>\n<p><strong>COURSE 2026 - In-Person Edition<\/strong><\/p>\n<p class=\"p1\"><span class=\"s1\"><b>Module 1 + 2:<\/b> 2\u20135 October 2026\u00a0<\/span><\/p>\n<p class=\"p1\"><span class=\"s1\"><b>Module 3:<\/b> 7 and 8 November 2026<\/span><\/p>\n<p><span class=\"s1\"><b>Module 4:<\/b> 5 and 6 December 2026\u00a0<\/span><\/p>\n<p class=\"p1\"><span class=\"s1\"><b>Module 5:<\/b> 16 e 17 de janeiro 2027<\/span><\/p>\n<p class=\"p1\"><span class=\"s1\"><b>Module 6 + 7: <\/b>6\u20139 February 2027<\/span><\/p>\n<p class=\"p1\"><span class=\"s1\"><b>Module 8:<\/b> 6 and 7 March 2027<\/span><\/p>\n<p><span class=\"s1\"><b>Module 9:<\/b> 10 and 11 April 2027<\/span><\/p>\n<p class=\"p1\"><span class=\"s1\"><b>Ashram Experience:<\/b> 20 - 24 May 2027 with Shiv Charan Singh<\/span><\/p>\n<p class=\"p1\"><span class=\"s1\"><b>Schedule of Modules and Ashram Experience<\/b><\/span><\/p>\n<p class=\"p1\"><span class=\"s1\">9.15am - 1pm - Training<br \/>\n1 pm - 2 pm - Lunch break<br \/>\n2pm - 6.15pm - Training<\/span><\/p>\n<p class=\"p1\"><span class=\"s1\"><b>Intensive Meditation Day Schedule<\/b><\/span><\/p>\n<p class=\"p1\"><span class=\"s1\">9am - 4pm<\/span><\/p>\n<p class=\"p1\"><span class=\"s1\"><b>Place:<\/b><strong>\u00a0<a href=\"https:\/\/ramdassguru.pt\/\"><span class=\"s2\">Ashram Ram Dass Guru<\/span><\/a>,<\/strong>\u00a0Sintra \u2013 Portugal<\/span><\/p>\n<p>&nbsp;<\/p>\n<p class=\"p1\"><span class=\"s1\"><i>The training will be given in Portuguese and English<\/i><\/span><\/p>\n<p>&nbsp;<\/p>\n<p><strong>Requirements to obtain certification:<\/strong><\/p>\n<ul>\n<li>Attend and participate in all training sessions. The maximum duration of the training is 2 years. It is possible to make up a missed session in a subsequent training, or in any of the trainings offered by the Karam Kriya School in the rest of the world.<\/li>\n<li>Satisfactorily teach two practical lessons, assessed by a trainer.<\/li>\n<li>Payment of all instalments.<\/li>\n<li>Participation in a minimum of 5 group sadhanas.<\/li>\n<li>Participation in a minimum of 20 Kundalini Yoga classes taught by a KRI-certified instructor.<\/li>\n<li>Participation in an Intensive Meditation Day.<\/li>\n<li>Reading and studying the entire training manual, as well as the chapters of \"The Master's Touch\" by Yogi Bhajan.<\/li>\n<li>Complete a personal meditation practice lasting 40 days.<\/li>\n<li>Satisfactory completion of two yoga class curricula.<\/li>\n<li>Overcoming an exam at home.<\/li>\n<li>Comply with the 3HO Code of Professional Standards for Kundalini Yoga Teachers.<\/li>\n<\/ul>\n<p>On completion of the requirements, within the time allowed of 2 years from the start of the training, the student will obtain the KRI International Certificate for Level 1 Kundalini Yoga Instructors, according to Yogui Bhajan.<br \/>\nThis course is approved by the Kundalini Research Institute (KRI) and is recognised by the International Kundalini Yoga Teachers Association (IKYTA).<\/p>\n<p><strong>Conditions:<br \/>\n<\/strong>The course must be attended by a minimum of 12 students.<br \/>\nCourse taught in Portuguese\/English.<\/p>\n<p>&nbsp;<\/p>\n<div class=\"wpb_text_column\">\n<div class=\"wpb_wrapper\">\n<p class=\"p1\"><span class=\"s1\"><b><i>Class 2026 - 2027 - In-Person Edition<\/i><\/b><\/span><\/p>\n<\/div>\n<\/div>\n<div class=\"wpb_text_column\">\n<div class=\"wpb_wrapper\">\n<p class=\"p1\"><span class=\"s1\"><b><br \/>\n<\/b><\/span><span class=\"s1\"><b>The total cost of the training: \u20ac2,650 (VAT included)*<\/b><\/span><\/p>\n<p class=\"p1\"><span class=\"s1\"><b>REGISTRATION BY 15 AUGUST - 10% discount <\/b>of the total cost of the training\u00a0<b><br \/>\n<\/b><em>*VAT 23%<\/em><b><br \/>\n<\/b><\/span><\/p>\n<p class=\"p1\"><span class=\"s1\"><b>Payment in instalments:<br \/>\n450 euros non-refundable deposit<\/b> paid at the time of registration +<b>\u00a04 payments<\/b>\u00a0on the following dates:<\/span><\/p>\n<p class=\"p1\"><span class=\"s1\">.1st instalment: \u20ac550 by October 1st, 2026<br \/>\n.2nd instalment: \u20ac550 by December 1st, 2026<br \/>\n.3rd instalment: \u20ac550 by February 1st, 2027<br \/>\n.4th instalment: \u20ac550 by April 1st, 2027<br \/>\n<\/span><\/p>\n<ul class=\"ul1\">\n<li class=\"li2\"><span class=\"s1\"><b>The price includes<\/b>\u00a0tuition, manual, 1 or 2 videos per module, access to the Sutra online platform, participation in the Intensive Meditation day and certification.<\/span><\/li>\n<li class=\"li2\"><span class=\"s1\"><b>The price does not include<\/b> participation in the Intensive Meditation day or Tantra Blanco day, accommodation and meals. To book accommodation and meals, contact <a href=\"https:\/\/ramdassguru.pt\/\"><span class=\"s2\">Ashram<\/span><\/a>\u00a0through\u00a0<a href=\"mailto:booking@ramdassguru.pt\"><span class=\"s2\">booking@ramdassguru.pt<\/span><\/a>.<\/span><\/li>\n<\/ul>\n<\/div>\n<\/div>\n<p>For more information, visit our website\u00a0<a href=\"https:\/\/www.quinta-do-rajo.pt\/en\/?page_id=4236\">Forma\u00e7\u00e3o de Professores da Era de Aqu\u00e1rio N\u00edvel 1<\/a>.<\/p>","protected":false},"excerpt":{"rendered":"<p><em><strong>Early Bird until 15th of August.<\/strong><br \/>\n*To book accommodation and meals, please contact\u00a0<a href=\"mailto:booking@ramdassguru.pt\">Ashram<\/a><\/em><\/p>","protected":false},"featured_media":45097,"template":"","meta":{"site-sidebar-layout":"default","site-content-layout":"","ast-site-content-layout":"default","site-content-style":"default","site-sidebar-style":"default","ast-global-header-display":"","ast-banner-title-visibility":"","ast-main-header-display":"","ast-hfb-above-header-display":"","ast-hfb-below-header-display":"","ast-hfb-mobile-header-display":"","site-post-title":"","ast-breadcrumbs-content":"","ast-featured-img":"","footer-sml-layout":"","ast-disable-related-posts":"","theme-transparent-header-meta":"default","adv-header-id-meta":"","stick-header-meta":"","header-above-stick-meta":"","header-main-stick-meta":"","header-below-stick-meta":"","astra-migrate-meta-layouts":"set","ast-page-background-enabled":"default","ast-page-background-meta":{"desktop":{"background-color":"var(--ast-global-color-4)","background-image":"","background-repeat":"repeat","background-position":"center center","background-size":"auto","background-attachment":"scroll","background-type":"","background-media":"","overlay-type":"","overlay-color":"","overlay-opacity":"","overlay-gradient":""},"tablet":{"background-color":"","background-image":"","background-repeat":"repeat","background-position":"center center","background-size":"auto","background-attachment":"scroll","background-type":"","background-media":"","overlay-type":"","overlay-color":"","overlay-opacity":"","overlay-gradient":""},"mobile":{"background-color":"","background-image":"","background-repeat":"repeat","background-position":"center center","background-size":"auto","background-attachment":"scroll","background-type":"","background-media":"","overlay-type":"","overlay-color":"","overlay-opacity":"","overlay-gradient":""}},"ast-content-background-meta":{"desktop":{"background-color":"var(--ast-global-color-5)","background-image":"","background-repeat":"repeat","background-position":"center center","background-size":"auto","background-attachment":"scroll","background-type":"","background-media":"","overlay-type":"","overlay-color":"","overlay-opacity":"","overlay-gradient":""},"tablet":{"background-color":"var(--ast-global-color-5)","background-image":"","background-repeat":"repeat","background-position":"center center","background-size":"auto","background-attachment":"scroll","background-type":"","background-media":"","overlay-type":"","overlay-color":"","overlay-opacity":"","overlay-gradient":""},"mobile":{"background-color":"var(--ast-global-color-5)","background-image":"","background-repeat":"repeat","background-position":"center center","background-size":"auto","background-attachment":"scroll","background-type":"","background-media":"","overlay-type":"","overlay-color":"","overlay-opacity":"","overlay-gradient":""}}},"product_brand":[],"product_cat":[49,567,608,501,52],"product_tag":[],"class_list":{"0":"post-44303","1":"product","2":"type-product","3":"status-publish","4":"has-post-thumbnail","6":"product_cat-formacoes","7":"product_cat-l1","8":"product_cat-l1-en","9":"product_cat-presencial","10":"product_cat-training","11":"desktop-align-left","12":"tablet-align-left","13":"mobile-align-left","15":"first","16":"instock","17":"sale","18":"taxable","19":"shipping-taxable","20":"purchasable","21":"product-type-variable"},"_links":{"self":[{"href":"https:\/\/www.quinta-do-rajo.pt\/en\/wp-json\/wp\/v2\/product\/44303","targetHints":{"allow":["GET"]}}],"collection":[{"href":"https:\/\/www.quinta-do-rajo.pt\/en\/wp-json\/wp\/v2\/product"}],"about":[{"href":"https:\/\/www.quinta-do-rajo.pt\/en\/wp-json\/wp\/v2\/types\/product"}],"version-history":[{"count":3,"href":"https:\/\/www.quinta-do-rajo.pt\/en\/wp-json\/wp\/v2\/product\/44303\/revisions"}],"predecessor-version":[{"id":46202,"href":"https:\/\/www.quinta-do-rajo.pt\/en\/wp-json\/wp\/v2\/product\/44303\/revisions\/46202"}],"wp:featuredmedia":[{"embeddable":true,"href":"https:\/\/www.quinta-do-rajo.pt\/en\/wp-json\/wp\/v2\/media\/45097"}],"wp:attachment":[{"href":"https:\/\/www.quinta-do-rajo.pt\/en\/wp-json\/wp\/v2\/media?parent=44303"}],"wp:term":[{"taxonomy":"product_brand","embeddable":true,"href":"https:\/\/www.quinta-do-rajo.pt\/en\/wp-json\/wp\/v2\/product_brand?post=44303"},{"taxonomy":"product_cat","embeddable":true,"href":"https:\/\/www.quinta-do-rajo.pt\/en\/wp-json\/wp\/v2\/product_cat?post=44303"},{"taxonomy":"product_tag","embeddable":true,"href":"https:\/\/www.quinta-do-rajo.pt\/en\/wp-json\/wp\/v2\/product_tag?post=44303"}],"curies":[{"name":"wp","href":"https:\/\/api.w.org\/{rel}","templated":true}]}}

<p>The main objectives of this training are:</p>
<ul>
<li>Realise the fundamental teachings and concepts of Kundalini Yoga;</li>
<li>Have a transformative experience through the practice of these teachings;</li>
<li>Develop the skills, confidence and awareness needed to teach Kundalini Yoga;</li>
<li>Developing a conscious lifestyle;</li>
<li>Develop a group spirit with the other course participants and experience 3HO's sense of community worldwide;</li>
<li>Develop the connection to the "Golden Chain" through the teachings of the master Yogi Bhajan.</li>
</ul>
<p>&nbsp;</p>
<p><strong>COURSE 2026 - In-Person Edition</strong></p>
<p class="p1"><span class="s1"><b>Module 1 + 2:</b> 2–5 October 2026 </span></p>
<p class="p1"><span class="s1"><b>Module 3:</b> 7 and 8 November 2026</span></p>
<p><span class="s1"><b>Module 4:</b> 5 and 6 December 2026 </span></p>
<p class="p1"><span class="s1"><b>Module 5:</b> 16 e 17 de janeiro 2027</span></p>
<p class="p1"><span class="s1"><b>Module 6 + 7: </b>6–9 February 2027</span></p>
<p class="p1"><span class="s1"><b>Module 8:</b> 6 and 7 March 2027</span></p>
<p><span class="s1"><b>Module 9:</b> 10 and 11 April 2027</span></p>
<p class="p1"><span class="s1"><b>Ashram Experience:</b> 20 - 24 May 2027 with Shiv Charan Singh</span></p>
<p class="p1"><span class="s1"><b>Schedule of Modules and Ashram Experience</b></span></p>
<p class="p1"><span class="s1">9.15am - 1pm - Training<br />
1 pm - 2 pm - Lunch break<br />
2pm - 6.15pm - Training</span></p>
<p class="p1"><span class="s1"><b>Intensive Meditation Day Schedule</b></span></p>
<p class="p1"><span class="s1">9am - 4pm</span></p>
<p class="p1"><span class="s1"><b>Place:</b><strong> <a href="https://ramdassguru.pt/"><span class="s2">Ashram Ram Dass Guru</span></a>,</strong> Sintra – Portugal</span></p>
<p>&nbsp;</p>
<p class="p1"><span class="s1"><i>The training will be given in Portuguese and English</i></span></p>
<p>&nbsp;</p>
<p><strong>Requirements to obtain certification:</strong></p>
<ul>
<li>Attend and participate in all training sessions. The maximum duration of the training is 2 years. It is possible to make up a missed session in a subsequent training, or in any of the trainings offered by the Karam Kriya School in the rest of the world.</li>
<li>Satisfactorily teach two practical lessons, assessed by a trainer.</li>
<li>Payment of all instalments.</li>
<li>Participation in a minimum of 5 group sadhanas.</li>
<li>Participation in a minimum of 20 Kundalini Yoga classes taught by a KRI-certified instructor.</li>
<li>Participation in an Intensive Meditation Day.</li>
<li>Reading and studying the entire training manual, as well as the chapters of "The Master's Touch" by Yogi Bhajan.</li>
<li>Complete a personal meditation practice lasting 40 days.</li>
<li>Satisfactory completion of two yoga class curricula.</li>
<li>Overcoming an exam at home.</li>
<li>Comply with the 3HO Code of Professional Standards for Kundalini Yoga Teachers.</li>
</ul>
<p>On completion of the requirements, within the time allowed of 2 years from the start of the training, the student will obtain the KRI International Certificate for Level 1 Kundalini Yoga Instructors, according to Yogui Bhajan.<br />
This course is approved by the Kundalini Research Institute (KRI) and is recognised by the International Kundalini Yoga Teachers Association (IKYTA).</p>
<p><strong>Conditions:<br />
</strong>The course must be attended by a minimum of 12 students.<br />
Course taught in Portuguese/English.</p>
<p>&nbsp;</p>
<div class="wpb_text_column">
<div class="wpb_wrapper">
<p class="p1"><span class="s1"><b><i>Class 2026 - 2027 - In-Person Edition</i></b></span></p>
</div>
</div>
<div class="wpb_text_column">
<div class="wpb_wrapper">
<p class="p1"><span class="s1"><b><br />
</b></span><span class="s1"><b>The total cost of the training: €2,650 (VAT included)*</b></span></p>
<p class="p1"><span class="s1"><b>REGISTRATION BY 15 AUGUST - 10% discount </b>of the total cost of the training <b><br />
</b><em>*VAT 23%</em><b><br />
</b></span></p>
<p class="p1"><span class="s1"><b>Payment in instalments:<br />
450 euros non-refundable deposit</b> paid at the time of registration +<b> 4 payments</b> on the following dates:</span></p>
<p class="p1"><span class="s1">.1st instalment: €550 by October 1st, 2026<br />
.2nd instalment: €550 by December 1st, 2026<br />
.3rd instalment: €550 by February 1st, 2027<br />
.4th instalment: €550 by April 1st, 2027<br />
</span></p>
<ul class="ul1">
<li class="li2"><span class="s1"><b>The price includes</b> tuition, manual, 1 or 2 videos per module, access to the Sutra online platform, participation in the Intensive Meditation day and certification.</span></li>
<li class="li2"><span class="s1"><b>The price does not include</b> participation in the Intensive Meditation day or Tantra Blanco day, accommodation and meals. To book accommodation and meals, contact <a href="https://ramdassguru.pt/"><span class="s2">Ashram</span></a> through <a href="mailto:booking@ramdassguru.pt"><span class="s2">booking@ramdassguru.pt</span></a>.</span></li>
</ul>
</div>
</div>
<p>For more information, visit our website <a href="https://www.quinta-do-rajo.pt/en/?page_id=4236">Formação de Professores da Era de Aquário Nível 1</a>.</p>
